at is 5404 - -2?
5406
In base 7, what is -1 - 205?
-206
In base 5, what is -2313 - 30?
-2343
In base 2, what is 1 - -101011?
101100
In base 12, what is a64 - 1?
a63
In base 10, what is -5 - 53?
-58
In base 12, what is -6 + 8?
2
In base 15, what is -d + 38?
2a
In base 4, what is 0 + 12113?
12113
In base 4, what is -1 + 130122?
130121
In base 5, what is 3034201 - -2?
3034203
In base 6, what is -4 + 10134?
10130
In base 5, what is 20 - -4?
24
In base 16, what is 216 - -4?
21a
In base 4, what is -130010 - 0?
-130010
In base 3, what is -11 + -122110?
-122121
In base 11, what is -11 + 24?
13
In base 16, what is -8 + -20?
-28
In base 16, what is 4 + c9?
cd
In base 13, what is -10 - 3?
-13
In base 11, what is 1 - 9?
-8
In base 15, what is 330 - -3?
333
In base 4, what is 112 - 11?
101
In base 3, what is -211000220 - -11?
-211000202
In base 2, what is 110010 - -1100?
111110
In base 5, what is 0 + -4010?
-4010
In base 11, what is 11 + 36?
47
In base 5, what is 12131 + 10?
12141
In base 15, what is 7a + 6?
81
In base 3, what is 10 + 120111?
120121
In base 8, what is -5 + 570?
563
In base 15, what is -5 - eb3?
-eb8
In base 11, what is 1 - -74?
75
In base 11, what is 2 - 67?
-65
In base 8, what is -3 + -75?
-100
In base 7, what is 21 - 102?
-51
In base 6, what is 15 + 4?
23
In base 12, what is 16 - -54?
6a
In base 7, what is 212 - 6?
203
In base 14, what is -9 + -90d?
-918
In base 11, what is 594 + 5?
599
In base 8, what is 3 + -4560?
-4555
In base 15, what is 4 + -6b?
-67
In base 5, what is -4443 - 1?
-4444
In base 11, what is 1a0 + -1?
19a
In base 6, what is 5 + -15253?
-15244
In base 16, what is 5 - -197?
19c
In base 16, what is -e07 - -2?
-e05
In base 14, what is 2 - 1b94?
-1b92
In base 4, what is 1313 - -11320?
13233
In base 2, what is -11000000 - -100?
-10111100
In base 3, what is -1021 + 112?
-202
In base 16, what is -252 - 3?
-255
In base 13, what is -1c3 - 2?
-1c5
In base 5, what is 224 + 43?
322
In base 13, what is -588 + -2?
-58a
In base 14, what is c - -b?
19
In base 2, what is -110110001 + -100?
-110110101
In base 16, what is 4 - 3dd?
-3d9
In base 11, what is 13 - 75?
-62
In base 16, what is -2 - 6?
-8
In base 7, what is 141 + -10?
131
In base 14, what is 4 + 247?
24b
In base 13, what is -7 - -44?
3a
In base 9, what is -4681 - 5?
-4686
In base 14, what is 0 + 0?
0
In base 9, what is -3 + -1624?
-1627
In base 7, what is 3 + 202?
205
In base 6, what is -14111 - -5?
-14102
In base 4, what is 12010 + 2?
12012
In base 4, what is 101010 - -3?
101013
In base 6, what is 0 - 3?
-3
In base 16, what is -5 + -1c?
-21
In base 2, what is 0 + -111011000?
-111011000
In base 10, what is -421 - 3?
-424
In base 4, what is 11 - -10122?
10133
In base 12, what is -50b + 1?
-50a
In base 6, what is 0 + -1204?
-1204
In base 11, what is -15 - -332?
318
In base 6, what is 5255 - -3?
5302
In base 14, what is 2 + -24?
-22
In base 14, what is 53 + -1?
52
In base 3, what is 1 + -10120?
-10112
In base 7, what is 426 + -60?
336
In base 2, what is 11100 + -101?
10111
In base 9, what is -311 + -1?
-312
In base 2, what is 1011110111 - 100?
1011110011
In base 3, what is 1000 - -1211?
2211
In base 14, what is 24 + 14?
38
In base 8, what is 13 + -2?
11
In base 2, what is 101000100 + 11?
101000111
In base 13, what is -355 - -3?
-352
In base 6, what is 3441 - -2?
3443
In base 16, what is -9 - 22?
-2b
In base 14, what is -1 - 65?
-66
In base 15, what is -1a + -9?
-24
In base 13, what is 3 - 7?
-4
In base 4, what is -31 + 12?
-13
In base 9, what is -26 - -747?
721
In base 3, what is 2 + -110100?
-110021
In base 14, what is -198 - -1?
-197
In base 10, what is -25 - -2?
-23
In base 8, what is 17 + -1201?
-1162
In base 6, what is 1152 - -11?
1203
In base 6, what is -4442 - 2?
-4444
In base 16, what is 2 - f?
-d
In base 11, what is 22 - -682?
6a4
In base 14, what is -bb - -4?
-b7
In base 8, what is 5 + -23?
-16
In base 3, what is 10101 + 20021?
100122
In base 4, what is -3021322 + 1?
-3021321
In base 10, what is -3 - -323?
320
In base 8, what is -12 + -430?
-442
In base 14, what is 13c - 6?
136
In base 8, what is 111 - -60?
171
In base 3, what is -11 + -1110?
-1121
In base 11, what is 0 - 22?
-22
In base 5, what is 30 - 34?
-4
In base 4, what is 13201 - 0?
13201
In base 13, what is -2 - aa?
-ac
In base 3, what is 20 + -2220220?
-2220200
In base 14, what is -12 + -103?
-115
In base 11, what is -13 + 160?
148
In base 14, what is 4 + 4?
8
In base 14, what is 16c + -2?
16a
In base 14, what is c - -14?
22
In base 13, what is -5 + -b9?
-c1
In base 6, what is 113 + 4?
121
In base 8, what is -20 - 15?
-35
In base 12, what is 29 + -3?
26
In base 11, what is -556 - 3?
-559
In base 16, what is -4 + 74?
70
In base 2, what is 10011 - -10011111?
10110010
In base 3, what is -2112021 - 22?
-2112120
In base 16, what is 8 + -8?
0
In base 8, what is 16174 - -1?
16175
In base 5, what is -10 + 1004?
444
In base 13, what is -39 + 4?
-35
In base 10, what is -4 + -6089?
-6093
In base 13, what is -2a3 + -4?
-2a7
In base 4, what is 2023 + 3?
2032
In base 15, what is 1 + d9?
da
In base 7, what is -152062 + 1?
-152061
In base 9, what is -4 + -64?
-68
In base 3, what is 2021212 - -12?
2022001
In base 16, what is -163 - 0?
-163
In base 6, what is -45 - 4?
-53
In base 5, what is -2 - -130332?
130330
In base 10, what is 10 + -14?
-4
In base 5, what is 14 - -134?
203
In base 10, what is -5 + 92?
87
In base 3, what is 20021111 + 11?
20021122
In base 7, what is 102 + -3?
66
In base 12, what is -4b + 4?
-47
In base 12, what is -206b + -5?
-2074
In base 14, what is 2 + -32?
-30
In base 7, what is -4 + 51?
44
In base 12, what is 6a - -5?
73
In base 3, what is -10 - -10002001?
10001221
In base 7, what is 141 + 134?
305
In base 14, what is 80 - 6?
78
In base 11, what is 1a7 + 1?
1a8
In base 12, what is 4 + -27?
-23
In base 14, what is -dd2 - 2?
-dd4
In base 4, what is 1 - -312?
313
In base 5, what is 0 + 140003?
140003
In base 7, what is 125 - -122?
250
In base 12, what is -5 + 1b5?
1b0
In base 3, what is -11 - -101210?
101122
In base 11, what is -100 + 19?
-92
In base 13, what is -23a + -29?
-266
In base 13, what is -1 + -6?
-7
In base 11, what is 20 + -1?
1a
In base 8, what is -51473 - 4?
-51477
In base 16, what is -1c + -4?
-20
In base 14, what is -ad - 33?
-102
In base 8, what is -525 - -4?
-521
In base 6, what is -3 + 312?
305
In base 9, what is -7306 + -2?
-7308
In base 11, what is 69 + 1?
6a
In base 16, what is -91 + 3?
-8e
In base 15, what is -74 - -5?
-6e
In base 5, what is -3 - -14012?
14004
In base 10, what is 47 + 10?
57
In base 15, what is -2c6 - 7?
-2cd
In base 5, what is 2 + -13120?
-13113
In base 12, what is -25 - a?
-33
In base 8, what is -2115 + 2?
-2113
In base 7, what is -554 + 5?
-546
In base 8, what is -1015 + 5?
-1010
In base 7, what is -11612 + -4?
-11616
In base 6, what is -533 + -51?
-1024
In base 12, what is -1 + -4b2?
-4b3
In base 10, what is -23 + 103?
80
In base 10, what is -6 + 274?
268
In base 12, what is 81 + 1?
82
In base 2, what is 10101 - 1001?
1100
In base 6, what is 120 - 22?
54
In base 4, what is 2 - -1102?
1110
In base 11, what is 1384 - -3?
1387
In base 4, what is -12 + -23011?
-23023
In base 2, what is -10 + 11101?
11011
In base 13, what is 0 - -601?
601
In base 10, what is -8 + 17?
9
In base 15, what is -37 - 0?
-37
In base 14, what is -3 + 114?
111
In base 14, what is -4 + b?
7
In base 7, what is 1 + 26?
30
In base 8, what is 5061 - -5?
5066
In base 4, what is 231 - 3?
222
In base 12, what is -4 - 7?
-b
In base 15, what is -6 - -d6c?
d66
In base 2, what is 110101 - 1?
110100
In base 2, what is -101110001001 + -1?
-101110001010
In base 8, what is 5 - 311?
-304
In base 14, what is c7 + 2?
c9
In base 10, what is -5 + -1009?
-1014
In base 2, what is -1110000000 + -1?
-1110000001
In base 5, what is -10 - 2023?
-2033
In base 6, what is -2530 - 5?
-2535
In base 3, what is -12 + 2102?
2020
In base 16, what is 169 - 2?
167
In base 8, what is -4 + 113?
107
In base 12, what is 0 - -46?
46
In base 10, what is 5360 + 2?
5362
In base 11, what is -32 - -401?
37a
In base 10, what is -352 + -4?
-356
In base 8, what is 4256 - 1?
4255
In base 6, what is 4 - 3000?
-2552
In base 11, what is -3 + 156?
153
In base 3, what is 0 - -2022?
2022
In base 10, what is 340 + 5?
345
In base 13, what is 3 - 10?
-a